2 = 0, -5*b + 9 - 24 = 0. Suppose 4*m - 54 - 112 = 3*c, 0 = -3*m + y*c + 128. What are the prime factors of m?
2, 5
List the prime factors of (-5524)/(-3) - (333/27 - 12).
7, 263
Suppose 4*n + 14 = 50. Suppose 0 = 5*w + 3*v - 67, -3*w + 2*w - 2*v + 12 = 0. Let s = n + w. List the prime factors of s.
23
Let z be (5/(-3))/((-3)/9). Let h = z + 13. What are the prime factors of h?
2, 3
Let y = 6 - 4. Let p(v) = 2 + 4*v**y + 16*v**2 + 2 - 3. List the prime factors of p(1).
3, 7
Suppose 0 = 22*x - 3286 - 190. List the prime factors of x.
2, 79
Suppose 170 = 4*x + x + 5*m, -2*m = -3*x + 77. Suppose -x - 20 = -7*r. What are the prime factors of r?
7
Suppose 0*b + 3*b = -33. Let n(k) = -k**3 - 11*k**2 + 2. Let l be n(b). Suppose -138 = l*t - 5*t. List the prime factors of t.
2, 23
Let k(s) = -s**3 + 31*s**2 - 73*s + 20. What are the prime factors of k(12)?
2, 5, 47
Let q = -980 - -2254. List the prime factors of q.
2, 7, 13
Let l(y) = -y**2 + 8*y - 12. Let u be l(5). Suppose t - 47 = -b + 26, -5*t + u*b = -405. List the prime factors of t.
2, 3, 13
Let h(k) = 58*k + 1. Let v(u) = -u**2 - 7*u + 1. Let c be v(-7). Let a be h(c). Suppose -2*o = -185 + a. List the prime factors of o.
3, 7
Suppose 12502 = -16*j + 32694. List the prime factors of j.
2, 631
Suppose 5*j = 2*b - 132, 5*b - 4*j - 127 - 203 = 0. What are the prime factors of b?
2, 3, 11
Let o = 49 + -52. List the prime factors of 138 - (15/o)/(-5).
137
Suppose 0 = 2*p - 23 - 37. Let f be 6/p - (-3)/(-15). Suppose f = 4*w - 45 - 115. What are the prime factors of w?
2, 5
Suppose -35*y + 37*y = 3*v - 12314, 5*y = 2*v - 8202. What are the prime factors of v?
2, 2053
Let p(q) = -2*q**2 + 7*q - 2. Let h be p(5). Let s = -17 - h. Suppose s = -l - 2 + 7. What are the prime factors of l?
5
Let l(c) = -10 + 32*c + 2*c**2 - 26*c + 7*c**2 - c**3. What are the prime factors of l(9)?
2, 11
Suppose -2*v + 5*l + 2709 = 0, -l = -9*v + 6*v + 4057. What are the prime factors of v?
2, 13
Suppose -111*k = -109*k - 4822. List the prime factors of k.
2411
Let z(a) = 2*a - 1. Let n(i) = -2*i + 1. Let m(c) = 2*n(c) + 3*z(c). Let d be m(2). Let h = d + 13. What are the prime factors of h?
2
Suppose -54 = 7*b - 124. Suppose 10*g - b = 8*g, 2*g + 270 = w. What are the prime factors of w?
2, 5, 7
List the prime factors of (-243)/(-5)*(4 - -1).
3
Let a(r) = 8*r - 2. Suppose -24 = -4*t + t. List the prime factors of a(t).
2, 31
Let x(z) = -327*z - 763. List the prime factors of x(-12).
29, 109
Let b = 13 + -9. Suppose 246 + 10 = b*i. List the prime factors of i.
2
Let x = -2 + 4. Suppose -1 = -3*v + x*v, y - 2*v = 3. Suppose 27 = -4*d + y*d. What are the prime factors of d?
3
Let u = 887 - 778. What are the prime factors of u?
109
Let q be (0 + 3/2)/(3/800). Suppose q = 4*m + 4*o, -5*m + 0*m + 3*o + 516 = 0. What are the prime factors of m?
2, 3, 17
Suppose -2*u - 3 = -m, -3 - 3 = -2*m - 5*u. Suppose -3*w + w = -4*f + 222, 0 = m*f - 4*w - 169. List the prime factors of f.
5, 11
Let r(p) = -2*p - 24. Let n be r(-11). Let u(a) = 2*a. Let f be u(n). What are the prime factors of 14/(f + (-90)/(-21))?
7
Let u(z) = 15*z**2 + z + 11. Let h be 1 - (-1 + -3) - 8. What are the prime factors of u(h)?
11, 13
Let p(x) = -3*x**3 + 10*x**2 + 6*x + 28. What are the prime factors of p(-8)?
2, 7, 11
Suppose -5*l + 3*s = -3, s + s = -3*l + 17. Suppose -l*q = q - 744. List the prime factors of q.
2, 3, 31
Let b = 2076 + -344. List the prime factors of b.
2, 433
Let f = 174 - 169. Suppose -4*z + 5*t + 33 = 0, 2*z - f*t - 31 + 2 = 0. What are the prime factors of z?
2
Let h(n) = 6*n**3 + 2*n**2 + n - 3. Let w be h(2). Suppose q - w = -30. List the prime factors of q.
5
Let k = -70 - -56. Let z = k - -103. List the prime factors of z.
89
Let a(g) = 2*g**2 + 11*g. Let m be a(-6). List the prime factors of 121/22*m/1.
3, 11
Let t(p) = -p**2 + 15*p + 10. Let z = -12 - -22. What are the prime factors of t(z)?
2, 3, 5
Let x(o) = -o - 4. Let u(q) = -4*q - 17. Let n(h) = -2*u(h) + 9*x(h). Let j be n(0). What are the prime factors of -30*(j + (-12)/(-10))?
2, 3
Let b be -3*16/(-12) - 3 - 43. Let d be (2 - (1 + 0)) + -70. Let k = b - d. List the prime factors of k.
3
Suppose -5*h = -4*n + 4581, -n + 4*h = -1631 + 472. List the prime factors of n.
17, 67
Suppose 39*n = 34*n - 3*o + 2438, -o - 1964 = -4*n. List the prime factors of n.
2, 5, 7
Let w = -49 - -56. Suppose -q + 9 = w. What are the prime factors of q?
2
Let b be ((-3)/(-6))/((-2)/(-24)). Let x be (-184)/b + 3/(-9). Let h = x - -43. List the prime factors of h.
2, 3
Let c(j) = -26*j + 62. What are the prime factors of c(-19)?
2, 139
Let y(m) = -m**3 + 14*m**2 + 16*m - 18. Let s be y(15). What are the prime factors of -1 - 3 - -58 - s?
3, 19
List the prime factors of 5/(60/5764) - 4/3.
479
Let k(i) = -i**2 + 19*i. Let r be k(19). Suppose -4*d + 2*b + 260 = r, -2*d - 5*b + 80 + 26 = 0. List the prime factors of d.
3, 7
Let w = 9799 + -4930. List the prime factors of w.
3, 541
Let h = 298 - -228. Let t = h - 303. What are the prime factors of t?
223
Suppose 1340 = 2*f + 4*b, 0*b + b - 673 = -f. What are the prime factors of f?
2, 13
Let c(m) = -3 + 1 + 1 - 2*m**2 + 131*m**3 + 4*m. What are the prime factors of c(1)?
2, 3, 11
Suppose -5*k - 439 = -2229. List the prime factors of k.
2, 179
Suppose -46 = -c - v + 73, 5*c + v = 607. List the prime factors of c.
2, 61
Let r = -110 + 137. What are the prime factors of r?
3
Let c = -4 + 6. Suppose c*z = -z - 9. What are the prime factors of 4*(z + 11/2)?
2, 5
Suppose 23*v = 15027 - 5574. List the prime factors of v.
3, 137
Let v be (-33)/(-4)*(-48)/(-18). Let q be (v/5)/(6/30). Suppose -26*z + q*z + 188 = 0. List the prime factors of z.
47
Suppose -5*v - 14*s + 13423 = -12*s, -3*v - 4*s + 8051 = 0. What are the prime factors of v?
3, 5, 179
Let r(y) = -y - 1. Let s be r(-1). Suppose s = 5*k + 4*z + 10, 4*z = -k + 5*k + 44. What are the prime factors of -1 - (k/(-3) - 22)?
19
Let f(r) = r**2 + 1. Let l(k) = -3*k**2 + 6*k + 4. Let a(t) = 2*f(t) + l(t). Let m be a(8). Let i(j) = j**3 + 11*j**2 + 7*j. List the prime factors of i(m).
2, 3, 5
Suppose 4*w + w - 4*z - 13 = 0, -4*w - 2*z + 26 = 0. Let p(c) = -3*c - w*c + 3*c + 3. What are the prime factors of p(-6)?
3, 11
Suppose -11277 = 199*d - 208*d. List the prime factors of d.
7, 179
Let w = 26 - 21. Let o(g) = g**3 - g**2 - 2*g + 6. List the prime factors of o(w).
2, 3
What are the prime factors of (-2352)/(-8)*((-38)/(-6) + -4)?
2, 7
Let b(n) = -29 - 16 + 5*n**2 + 15*n - 4*n**2 + 7. What are the prime factors of b(-20)?
2, 31
Suppose -3*m = 2*h - 3538, 1769 = -12*h + 13*h - 2*m. List the prime factors of h.
29, 61
Let d = -15 + 311. List the prime factors of d.
2, 37
Let v = 32 + -29. Suppose -v*o - y = -25, 13 = 5*o - 4*o + 5*y. What are the prime factors of o?
2
Let b(u) = 339*u - 105. List the prime factors of b(5).
2, 3, 5, 53
Let t(h) = -h. Let i be t(4). Let u be 6 - (i - -3)*-2. Suppose -u*s - 20 = -g, 2*g - s = 2*s + 35. What are the prime factors of g?
2
Let x(r) = 2*r**2 + r - 1. Let k(o) = -o + 10. Suppose -2*m + 18 = -0*m. Let f be k(m). List the prime factors of x(f).
2
Let x(q) = q**2 - 9*q + 10. Let u be x(8). Let f be 4 + u*(3 - 4). Suppose f*l + 52 = 4*l. What are the prime factors of l?
2, 13
Let k be (-2)/4*(-28)/2. Let p(d) = -6 + 6 + 8 + 2*d. What are the prime factors of p(k)?
2, 11
Let s(c) = c + 18*c**2 - 11 + 13 + 11*c**2. Let z(u) = -u - 1. Let f be z(0). List the prime factors of s(f).
2, 3, 5
Suppose 0 = 19*q - 8239 - 7474. List the prime factors of q.
827
Let w be 2/(-6) + (1447/3 - 2). Suppose w = 4*n - 16. What are the prime factors of n?
2, 31
Let g = 611 - 382. List the prime factors of g.
229
Suppose 169*q - 183*q = -11410. What are the prime factors of q?
5, 163
Let v = 15 + -13. Let q(s) = 4*s**2 - s - 2. Let j be q(v). Let u = -7 + j. List the prime factors of u.
5
Let m(u) = -1 + 2*u - 8*u**2 + 10*u**2 + 8*u**2. Let d be (4/6)/(16/24). What are the prime factors of m(d)?
11
What are the prime factors of 172 + 2601 - 5/(10/12)?
2767
Suppose -d + 5*m - 10 = 2*m, d + 4*m = -17. Let w = 90 + d. List the prime factors of w.
7, 11
Let t = 17 + -6. Let w(m) = m**3 - 11*m**2 + 3. Let c be w(t). Suppose -4*l + 4*i + 211 = l, -i + 113 = c*l. What are the prime factors of l?
3